{"id":283,"date":"2025-12-29T14:33:17","date_gmt":"2025-12-29T14:33:17","guid":{"rendered":"https:\/\/clairetpratique.ca\/?page_id=283"},"modified":"2025-12-29T14:33:18","modified_gmt":"2025-12-29T14:33:18","slug":"contact","status":"publish","type":"page","link":"https:\/\/clairetpratique.ca\/?page_id=283","title":{"rendered":"Contact"},"content":{"rendered":"\n<h2 class=\"wp-block-heading\">Nous contacter<\/h2>\n\n\n\n<p>Le site <strong>Clair et pratique<\/strong> a pour objectif de fournir des informations pratiques et utiles sur les services du quotidien au Qu\u00e9bec.<\/p>\n\n\n\n<p>Si vous avez :<\/p>\n\n\n\n<ul class=\"wp-block-list\">\n<li>une question g\u00e9n\u00e9rale,<\/li>\n\n\n\n<li>une suggestion de contenu,<\/li>\n\n\n\n<li>une correction \u00e0 proposer,<\/li>\n\n\n\n<li>ou un commentaire concernant une information pr\u00e9sent\u00e9e sur le site,<\/li>\n<\/ul>\n\n\n\n<p>n\u2019h\u00e9sitez pas \u00e0 nous \u00e9crire.<\/p>\n\n\n\n<hr class=\"wp-block-separator has-alpha-channel-opacity\"\/>\n\n\n\n<h2 class=\"wp-block-heading\">Comment nous joindre<\/h2>\n\n\n\n<p>Vous pouvez nous contacter par courriel \u00e0 l\u2019adresse suivante :<\/p>\n\n\n\n<p>info@clairetpratique.ca<\/p>\n\n\n\n<p>Nous faisons de notre mieux pour r\u00e9pondre dans un d\u00e9lai raisonnable.<\/p>\n\n\n\n<hr class=\"wp-block-separator has-alpha-channel-opacity\"\/>\n\n\n\n<h2 class=\"wp-block-heading\">\u00c0 noter<\/h2>\n\n\n\n<p><strong>Claire et pratique<\/strong> est un site \u00e0 vocation informationnelle.<br>Nous ne fournissons pas de services commerciaux et nous ne pouvons pas intervenir aupr\u00e8s des entreprises ou organismes list\u00e9s sur le site.<\/p>\n\n\n\n<p>Pour toute question sp\u00e9cifique concernant un service, il est recommand\u00e9 de contacter directement l\u2019organisme ou l\u2019entreprise concern\u00e9e.<\/p>\n","protected":false},"excerpt":{"rendered":"<p>Nous contacter Le site Clair et pratique a pour objectif de fournir des informations pratiques et utiles sur les services du quotidien au Qu\u00e9bec. Si vous avez : n\u2019h\u00e9sitez pas \u00e0 nous \u00e9crire. Comment nous joindre Vous pouvez nous contacter par courriel \u00e0 l\u2019adresse suivante : info@clairetpratique.ca Nous faisons de notre mieux pour r\u00e9pondre dans [&hellip;]<\/p>\n","protected":false},"author":1,"featured_media":0,"parent":0,"menu_order":0,"comment_status":"closed","ping_status":"closed","template":"","meta":{"footnotes":""},"class_list":["post-283","page","type-page","status-publish","hentry"],"_links":{"self":[{"href":"https:\/\/clairetpratique.ca\/index.php?rest_route=\/wp\/v2\/pages\/283","targetHints":{"allow":["GET"]}}],"collection":[{"href":"https:\/\/clairetpratique.ca\/index.php?rest_route=\/wp\/v2\/pages"}],"about":[{"href":"https:\/\/clairetpratique.ca\/index.php?rest_route=\/wp\/v2\/types\/page"}],"author":[{"embeddable":true,"href":"https:\/\/clairetpratique.ca\/index.php?rest_route=\/wp\/v2\/users\/1"}],"replies":[{"embeddable":true,"href":"https:\/\/clairetpratique.ca\/index.php?rest_route=%2Fwp%2Fv2%2Fcomments&post=283"}],"version-history":[{"count":1,"href":"https:\/\/clairetpratique.ca\/index.php?rest_route=\/wp\/v2\/pages\/283\/revisions"}],"predecessor-version":[{"id":284,"href":"https:\/\/clairetpratique.ca\/index.php?rest_route=\/wp\/v2\/pages\/283\/revisions\/284"}],"wp:attachment":[{"href":"https:\/\/clairetpratique.ca\/index.php?rest_route=%2Fwp%2Fv2%2Fmedia&parent=283"}],"curies":[{"name":"wp","href":"https:\/\/api.w.org\/{rel}","templated":true}]}}